{"id":3,"date":"2021-12-28T10:45:52","date_gmt":"2021-12-28T10:45:52","guid":{"rendered":"https:\/\/ainisdev.eu\/intelektine\/?page_id=3"},"modified":"2024-03-01T13:59:18","modified_gmt":"2024-03-01T11:59:18","slug":"privatumo-politika","status":"publish","type":"page","link":"https:\/\/ainisdev.eu\/intelektine\/privatumo-politika\/","title":{"rendered":"Privatumo politika"},"content":{"rendered":"[vc_row unlock_row_content=&#8221;yes&#8221; row_height_percent=&#8221;0&#8243; back_image=&#8221;104068&#8243; overlay_alpha=&#8221;50&#8243; gutter_size=&#8221;3&#8243; column_width_percent=&#8221;100&#8243; shift_y=&#8221;0&#8243; z_index=&#8221;0&#8243; uncode_shortcode_id=&#8221;151403&#8243; row_height_pixel=&#8221;350&#8243; back_size=&#8221;cover&#8221; overlay_color_type=&#8221;uncode-solid&#8221; overlay_color_solid=&#8221;#112911&#8243;][vc_column column_width_percent=&#8221;100&#8243; position_vertical=&#8221;middle&#8221; align_horizontal=&#8221;align_center&#8221; gutter_size=&#8221;3&#8243; style=&#8221;dark&#8221; overlay_alpha=&#8221;50&#8243; shift_x=&#8221;0&#8243; shift_y=&#8221;0&#8243; shift_y_down=&#8221;0&#8243; z_index=&#8221;0&#8243; medium_width=&#8221;0&#8243; mobile_width=&#8221;0&#8243; width=&#8221;1\/1&#8243; uncode_shortcode_id=&#8221;128755&#8243;][vc_custom_heading heading_semantic=&#8221;p&#8221; text_size=&#8221;fontsize-338686&#8243; text_weight=&#8221;700&#8243; text_transform=&#8221;uppercase&#8221; text_height=&#8221;fontheight-179065&#8243; uncode_shortcode_id=&#8221;516185&#8243;]Privatumo politika[\/vc_custom_heading][\/vc_column][\/vc_row][vc_row row_height_percent=&#8221;0&#8243; override_padding=&#8221;yes&#8221; h_padding=&#8221;2&#8243; top_padding=&#8221;3&#8243; bottom_padding=&#8221;3&#8243; overlay_alpha=&#8221;50&#8243; gutter_size=&#8221;3&#8243; column_width_percent=&#8221;100&#8243; shift_y=&#8221;0&#8243; z_index=&#8221;0&#8243; uncode_shortcode_id=&#8221;724630&#8243;][vc_column column_width_percent=&#8221;100&#8243; gutter_size=&#8221;3&#8243; overlay_alpha=&#8221;50&#8243; shift_x=&#8221;0&#8243; shift_y=&#8221;0&#8243; shift_y_down=&#8221;0&#8243; z_index=&#8221;0&#8243; medium_width=&#8221;0&#8243; mobile_width=&#8221;0&#8243; width=&#8221;1\/1&#8243; uncode_shortcode_id=&#8221;171997&#8243;][vc_custom_heading heading_semantic=&#8221;p&#8221; text_size=&#8221;fontsize-160000&#8243; text_weight=&#8221;700&#8243; text_height=&#8221;fontheight-179065&#8243; uncode_shortcode_id=&#8221;111557&#8243;]Privatumo politika[\/vc_custom_heading][vc_row_inner][vc_column_inner column_width_percent=&#8221;100&#8243; position_vertical=&#8221;middle&#8221; gutter_size=&#8221;3&#8243; overlay_alpha=&#8221;50&#8243; border_color=&#8221;accent&#8221; border_style=&#8221;solid&#8221; shift_x=&#8221;0&#8243; shift_y=&#8221;0&#8243; shift_y_down=&#8221;0&#8243; z_index=&#8221;0&#8243; medium_width=&#8221;0&#8243; mobile_width=&#8221;0&#8243; css_animation=&#8221;left-t-right&#8221; animation_delay=&#8221;100&#8243; width=&#8221;1\/1&#8243; uncode_shortcode_id=&#8221;107307&#8243; css=&#8221;.vc_custom_1643456346197{border-top-width: 1px !important;border-right-width: 1px !important;border-bottom-width: 1px !important;border-left-width: 1px !important;padding-top: 20px !important;padding-right: 20px !important;padding-bottom: 20px !important;padding-left: 20px !important;}&#8221; border_color_type=&#8221;uncode-palette&#8221;][vc_custom_heading heading_semantic=&#8221;p&#8221; text_size=&#8221;h4&#8243; text_weight=&#8221;700&#8243; uncode_shortcode_id=&#8221;119647&#8243;]Komentarai[\/vc_custom_heading][vc_column_text uncode_shortcode_id=&#8221;350229&#8243; css=&#8221;.vc_custom_1643456422957{margin-top: 20px !important;margin-bottom: -20px !important;}&#8221;]Kai lankytojai ra\u0161o komentarus tinklalapyje, mes renkame duomenis, matomus komentaro paskelbimo formoje, o taip pat lankytojo IP adres\u0105 bei nar\u0161ykl\u0117s vartotojo \u012fra\u0161\u0105, kad apsisaugotume nuo brukal\u0173.<\/p>\r\n<!-- \/wp:post-content -->\r\n<p><!-- wp:paragraph -->I\u0161 J\u016bs\u0173 el.pa\u0161to adreso gali b\u016bti sugeneruotas anonimizuotas duomen\u0173 \u012fra\u0161as (angl. hash) ir pateiktas Gravatar paslaugos teik\u0117jui, norint patikrinti, ar J\u016bs naudojat\u0117s \u0161ia paslauga. Gravatar privatumo politika pateikiama \u010dia: https:\/\/automattic.com\/privacy\/. Patvirtinus J\u016bs\u0173 komentar\u0105, J\u016bs\u0173 profilio nuotrauka yra matoma vie\u0161ai \u0161alia J\u016bs\u0173 komentaro.<\/p>\r\n<p>[\/vc_column_text][\/vc_column_inner][\/vc_row_inner][vc_row_inner][vc_column_inner column_width_percent=&#8221;100&#8243; position_vertical=&#8221;middle&#8221; gutter_size=&#8221;3&#8243; overlay_alpha=&#8221;50&#8243; border_color=&#8221;accent&#8221; border_style=&#8221;solid&#8221; shift_x=&#8221;0&#8243; shift_y=&#8221;0&#8243; shift_y_down=&#8221;0&#8243; z_index=&#8221;0&#8243; medium_width=&#8221;0&#8243; mobile_width=&#8221;0&#8243; css_animation=&#8221;left-t-right&#8221; animation_delay=&#8221;100&#8243; width=&#8221;1\/1&#8243; uncode_shortcode_id=&#8221;107307&#8243; css=&#8221;.vc_custom_1643456346197{border-top-width: 1px !important;border-right-width: 1px !important;border-bottom-width: 1px !important;border-left-width: 1px !important;padding-top: 20px !important;padding-right: 20px !important;padding-bottom: 20px !important;padding-left: 20px !important;}&#8221; border_color_type=&#8221;uncode-palette&#8221;][vc_custom_heading heading_semantic=&#8221;p&#8221; text_size=&#8221;h4&#8243; text_weight=&#8221;700&#8243; uncode_shortcode_id=&#8221;205915&#8243;]Failai[\/vc_custom_heading][vc_column_text uncode_shortcode_id=&#8221;197663&#8243; css=&#8221;.vc_custom_1643456500597{margin-top: 20px !important;margin-bottom: -20px !important;}&#8221;]Jei \u012fkeliate nuotraukas \u012f tinklalap\u012f, tur\u0117tum\u0117te vengti \u012fkelti jas su i\u0161saugotais vietov\u0117s duomenimis (EXIF GPS). Tinklalapio lankytojai gali parsisi\u0173sti nuotraukas i\u0161 tinklalapio ir i\u0161 j\u0173 i\u0161gauti vietov\u0117s duomenis.<\/p>\r\n<p>[\/vc_column_text][\/vc_column_inner][\/vc_row_inner][vc_row_inner][vc_column_inner column_width_percent=&#8221;100&#8243; position_vertical=&#8221;middle&#8221; gutter_size=&#8221;3&#8243; overlay_alpha=&#8221;50&#8243; border_color=&#8221;accent&#8221; border_style=&#8221;solid&#8221; shift_x=&#8221;0&#8243; shift_y=&#8221;0&#8243; shift_y_down=&#8221;0&#8243; z_index=&#8221;0&#8243; medium_width=&#8221;0&#8243; mobile_width=&#8221;0&#8243; css_animation=&#8221;left-t-right&#8221; animation_delay=&#8221;100&#8243; width=&#8221;1\/1&#8243; uncode_shortcode_id=&#8221;107307&#8243; css=&#8221;.vc_custom_1643456346197{border-top-width: 1px !important;border-right-width: 1px !important;border-bottom-width: 1px !important;border-left-width: 1px !important;padding-top: 20px !important;padding-right: 20px !important;padding-bottom: 20px !important;padding-left: 20px !important;}&#8221; border_color_type=&#8221;uncode-palette&#8221;][vc_custom_heading heading_semantic=&#8221;p&#8221; text_size=&#8221;h4&#8243; text_weight=&#8221;700&#8243; uncode_shortcode_id=&#8221;206102&#8243;]Slapukai (cookies)[\/vc_custom_heading][vc_column_text uncode_shortcode_id=&#8221;685775&#8243; css=&#8221;.vc_custom_1643456605255{margin-top: 20px !important;margin-bottom: -20px !important;}&#8221;]Kai J\u016bs ra\u0161ote komentar\u0105 \u0161iame tinklalapyje, J\u016bs galite pasirinkti, ar norite, kad J\u016bs\u0173 vardas, el.pa\u0161tas ir tinklalapis b\u016bt\u0173 i\u0161saugotas slapukuose. Taip daroma J\u016bs\u0173 patogumui, kad Jums nereik\u0117t\u0173 \u0161i\u0173 duomen\u0173 suvedin\u0117ti i\u0161 naujo, kiekvien\u0105 kart\u0105 kai komentuojate. \u0160ie slapukai saugomi vienerius metus.<\/p>\r\n<!-- \/wp:paragraph -->\r\n<p><!-- wp:paragraph -->Jei J\u016bs turite paskyr\u0105 ir prisijungiate m\u016bs\u0173 tinklalapyje, mes sukuriame laikin\u0105 slapuk\u0105, kuriame \u012fra\u0161oma, ar J\u016bs\u0173 nar\u0161ykl\u0117 priima slapukus. \u0160is slapukas nesaugo jokios asmenin\u0117s informacijos ir yra i\u0161trinamas kai u\u017edarote savo nar\u0161ykl\u0119.<\/p>\r\n<!-- \/wp:paragraph -->\r\n<p><!-- wp:paragraph -->Kai J\u016bs prisijungiate, mes taip pat sukuriame kelis slapukus, kuriuose saugoma J\u016bs\u0173 prisijungimo informacija ir J\u016bs\u0173 ekrano rodymo pasirinkimai. Prisijungimo slapukai galioja 2 dienas, o ekrano nustatym\u0173 &#8211; vienerius metus. Jei J\u016bs pa\u017eymite pasirinkim\u0105 &#8222;Prisiminti mane&#8221;, J\u016bs\u0173 prisijungimo slapukas galios 2 savaites. Kai atsijungiate i\u0161 savo paskyros, prisijungimo slapukai i\u0161trinami.<\/p>\r\n<!-- \/wp:paragraph -->\r\n<p><!-- wp:paragraph -->Jei redaguojate ar paskelbiate \u012fra\u0161\u0105, J\u016bs\u0173 nar\u0161ykl\u0117je i\u0161saugomas papildomas slapukas. \u0160is slapukas nesaugo asmenini\u0173 duomen\u0173, ta\u010diau i\u0161saugo \u012fra\u0161o, kur\u012f k\u0105 tik redagavote ar paskelb\u0117ti, ID. \u0160is slapukas baigia galioti po 1 dienos.<\/p>\r\n<p>[\/vc_column_text][\/vc_column_inner][\/vc_row_inner][vc_row_inner][vc_column_inner column_width_percent=&#8221;100&#8243; position_vertical=&#8221;middle&#8221; gutter_size=&#8221;3&#8243; overlay_alpha=&#8221;50&#8243; border_color=&#8221;accent&#8221; border_style=&#8221;solid&#8221; shift_x=&#8221;0&#8243; shift_y=&#8221;0&#8243; shift_y_down=&#8221;0&#8243; z_index=&#8221;0&#8243; medium_width=&#8221;0&#8243; mobile_width=&#8221;0&#8243; css_animation=&#8221;left-t-right&#8221; animation_delay=&#8221;100&#8243; width=&#8221;1\/1&#8243; uncode_shortcode_id=&#8221;107307&#8243; css=&#8221;.vc_custom_1643456346197{border-top-width: 1px !important;border-right-width: 1px !important;border-bottom-width: 1px !important;border-left-width: 1px !important;padding-top: 20px !important;padding-right: 20px !important;padding-bottom: 20px !important;padding-left: 20px !important;}&#8221; border_color_type=&#8221;uncode-palette&#8221;][vc_custom_heading heading_semantic=&#8221;p&#8221; text_size=&#8221;h4&#8243; text_weight=&#8221;700&#8243; uncode_shortcode_id=&#8221;271389&#8243;]I\u0161 kit\u0173 tinklalapi\u0173 \u012fkeltas turinys[\/vc_custom_heading][vc_column_text uncode_shortcode_id=&#8221;491911&#8243; css=&#8221;.vc_custom_1643456594729{margin-top: 20px !important;margin-bottom: -20px !important;}&#8221;]\u0160iame tinklalapyje gali b\u016bti i\u0161 kit\u0173 tinklalapio \u012fkelto turinio (pavyzd\u017eiui, video, paveiksl\u0117liai, tekstas ir pan.). Tokio \u012fkelto turinio per\u017ei\u016bra ir veiksmai su juo \u0161iame tinklalapyje prilygsta apsilankymui tuose tinklalapiuose, i\u0161 kuri\u0173 turinys yra \u012fkeltas.<\/p>\r\n<!-- \/wp:paragraph -->\r\n<p><!-- wp:paragraph -->\u0160ie tinklalapiai gali rinkti duomenis apie Jus, naudoti slapukus (cookies), tre\u010di\u0173j\u0173 \u0161ali\u0173 sekimo paslaugas ir steb\u0117ti J\u016bs\u0173 veiksmus su \u012fkeltu turiniu, \u012fskaitant ir tuos atvejus, kai turite paskyr\u0105 ir esate prisijung\u0119s prie min\u0117t\u0173 tinklalapi\u0173.<\/p>\r\n<p>[\/vc_column_text][\/vc_column_inner][\/vc_row_inner][vc_row_inner][vc_column_inner column_width_percent=&#8221;100&#8243; position_vertical=&#8221;middle&#8221; gutter_size=&#8221;3&#8243; overlay_alpha=&#8221;50&#8243; border_color=&#8221;accent&#8221; border_style=&#8221;solid&#8221; shift_x=&#8221;0&#8243; shift_y=&#8221;0&#8243; shift_y_down=&#8221;0&#8243; z_index=&#8221;0&#8243; medium_width=&#8221;0&#8243; mobile_width=&#8221;0&#8243; css_animation=&#8221;left-t-right&#8221; animation_delay=&#8221;100&#8243; width=&#8221;1\/1&#8243; uncode_shortcode_id=&#8221;107307&#8243; css=&#8221;.vc_custom_1643456346197{border-top-width: 1px !important;border-right-width: 1px !important;border-bottom-width: 1px !important;border-left-width: 1px !important;padding-top: 20px !important;padding-right: 20px !important;padding-bottom: 20px !important;padding-left: 20px !important;}&#8221; border_color_type=&#8221;uncode-palette&#8221;][vc_custom_heading heading_semantic=&#8221;p&#8221; text_size=&#8221;h4&#8243; text_weight=&#8221;700&#8243; uncode_shortcode_id=&#8221;206209&#8243;]Su kuo mes dalinam\u0117s J\u016bs\u0173 duomenimis[\/vc_custom_heading][vc_column_text uncode_shortcode_id=&#8221;104442&#8243; css=&#8221;.vc_custom_1690788978303{margin-top: 20px !important;margin-bottom: -20px !important;}&#8221;]J\u016bs\u0173 asmens duomenys bus tvarkomi vadovaujantis 2016 m. baland\u017eio 27 d. Europos Parlamento ir Tarybos reglamentu 2016\/679 d\u0117l fizini\u0173 asmen\u0173 apsaugos tvarkant asmens duomenis ir d\u0117l laisvo toki\u0173 duomen\u0173 jud\u0117jimo ir kuriuo panaikinama Direktyva 95\/46\/EB (Bendrasis duomen\u0173 apsaugos reglamentas), kurio 6 straipsnio 1 dalies a punkte nustatyt\u0105 teis\u0117to J\u016bs\u0173 asmens duomen\u0173 tvarkymo s\u0105lyga \u2013 duomen\u0173 subjektas dav\u0117 sutikim\u0105, kad jo asmens duomenys b\u016bt\u0173 tvarkomi vienu ar keliais konkre\u010diais tikslais.<\/p>\r\n<p>Pateikdami pra\u0161ym\u0105 d\u0117l konsultacijos, J\u016bs duodate sutikim\u0105, kad J\u016bs\u0173 pra\u0161ymo d\u0117l konsultacijos pateikimo metu pateikti asmens duomenys (vardas, pavard\u0117, el. pa\u0161to adresas ir telefono numeris) bus naudojami i\u0161imtinai konsultavimo ir suteikt\u0173 paslaug\u0173 \u012fvertinimo (jei pasirinkote) tikslais ir tretiesiems asmenims, i\u0161skyrus asmens duomenis, kurie pateikiami kompetentingiems subjektams individualios konsultacijos metu, nebus perduodami, i\u0161skyrus atvejus, kai \u0161ie asmens duomenys bus tiesiogiai nurodyti j\u016bs\u0173 konsultacijos pra\u0161yme.<\/p>\r\n<p>Asmens duomen\u0173 gavimo metu, Jums, kaip asmens duomen\u0173 subjektui, pateiksime vis\u0105 informacij\u0105, nurodyt\u0105 Bendrojo duomen\u0173 apsaugos reglamento 13 straipsnyje.<\/p>\r\n<p>Atsakymas \u012f J\u016bs\u0173 klausim\u0105 bus pateiktas u\u017eklausoje nurodytu elektroninio pa\u0161to adresu. Konsultacijos bendrojo pob\u016bd\u017eio klausimais teikiamos informavimo ar rekomendavimo tikslais ir neturi teisin\u0117s galios.<\/p>\r\n<p>Jeigu pra\u0161ysite atstatyti slapta\u017eod\u012f, J\u016bs\u0173 IP adresas bus \u012ftrauktas \u012f atstatymo el. pa\u0161to lai\u0161k\u0105.<\/p>\r\n<p>[\/vc_column_text][\/vc_column_inner][\/vc_row_inner][vc_row_inner][vc_column_inner column_width_percent=&#8221;100&#8243; position_vertical=&#8221;middle&#8221; gutter_size=&#8221;3&#8243; overlay_alpha=&#8221;50&#8243; border_color=&#8221;accent&#8221; border_style=&#8221;solid&#8221; shift_x=&#8221;0&#8243; shift_y=&#8221;0&#8243; shift_y_down=&#8221;0&#8243; z_index=&#8221;0&#8243; medium_width=&#8221;0&#8243; mobile_width=&#8221;0&#8243; css_animation=&#8221;left-t-right&#8221; animation_delay=&#8221;100&#8243; width=&#8221;1\/1&#8243; uncode_shortcode_id=&#8221;107307&#8243; css=&#8221;.vc_custom_1643456346197{border-top-width: 1px !important;border-right-width: 1px !important;border-bottom-width: 1px !important;border-left-width: 1px !important;padding-top: 20px !important;padding-right: 20px !important;padding-bottom: 20px !important;padding-left: 20px !important;}&#8221; border_color_type=&#8221;uncode-palette&#8221;][vc_custom_heading heading_semantic=&#8221;p&#8221; text_size=&#8221;h4&#8243; text_weight=&#8221;700&#8243; uncode_shortcode_id=&#8221;205649&#8243;]J\u016bs\u0173 teis\u0117s[\/vc_custom_heading][vc_column_text uncode_shortcode_id=&#8221;120931&#8243; css=&#8221;.vc_custom_1643456718052{margin-top: 20px !important;margin-bottom: -20px !important;}&#8221;]Jei J\u016bs turite paskyr\u0105 \u0161iame tinklalapyje, arba kada nors ra\u0161\u0117te \u010dia komentar\u0105, galite reikalauti gauti duomen\u0173 eksporto fail\u0105 su visais asmeniniais duomenimis, kuriuos mes turime apie Jus, \u012fskaitant ir tuos, kuriuos pats mums pateik\u0117te. J\u016bs taip pat galite reikalauti, kad mes i\u0161trintume visus m\u016bs\u0173 turimus J\u016bs\u0173 asmeninius duomenis. \u0160ie abu reikalavimai negalioja duomenims, kuriuos mes privalome i\u0161saugoti pagal \u012fstatym\u0105 administraciniams, teisiniams ar saugumo tikslams.<\/p>\r\n<p>[\/vc_column_text][\/vc_column_inner][\/vc_row_inner][vc_row_inner][vc_column_inner column_width_percent=&#8221;100&#8243; position_vertical=&#8221;middle&#8221; gutter_size=&#8221;3&#8243; overlay_alpha=&#8221;50&#8243; border_color=&#8221;accent&#8221; border_style=&#8221;solid&#8221; shift_x=&#8221;0&#8243; shift_y=&#8221;0&#8243; shift_y_down=&#8221;0&#8243; z_index=&#8221;0&#8243; medium_width=&#8221;0&#8243; mobile_width=&#8221;0&#8243; css_animation=&#8221;left-t-right&#8221; animation_delay=&#8221;100&#8243; width=&#8221;1\/1&#8243; uncode_shortcode_id=&#8221;107307&#8243; css=&#8221;.vc_custom_1643456346197{border-top-width: 1px !important;border-right-width: 1px !important;border-bottom-width: 1px !important;border-left-width: 1px !important;padding-top: 20px !important;padding-right: 20px !important;padding-bottom: 20px !important;padding-left: 20px !important;}&#8221; border_color_type=&#8221;uncode-palette&#8221;][vc_custom_heading heading_semantic=&#8221;p&#8221; text_size=&#8221;h4&#8243; text_weight=&#8221;700&#8243; uncode_shortcode_id=&#8221;731971&#8243;]Kur mes siun\u010diame J\u016bs\u0173 duomenis[\/vc_custom_heading][vc_column_text uncode_shortcode_id=&#8221;115229&#8243; css=&#8221;.vc_custom_1643456750004{margin-top: 20px !important;margin-bottom: -20px !important;}&#8221;]Lankytoj\u0173 komentarai gali b\u016bti tikrinami naudojant automatin\u0119 brukal\u0173 paie\u0161kos paslaug\u0105.<\/p>\r\n<p>[\/vc_column_text][\/vc_column_inner][\/vc_row_inner][vc_row_inner][vc_column_inner column_width_percent=&#8221;100&#8243; position_vertical=&#8221;middle&#8221; gutter_size=&#8221;3&#8243; overlay_alpha=&#8221;50&#8243; border_color=&#8221;accent&#8221; border_style=&#8221;solid&#8221; shift_x=&#8221;0&#8243; shift_y=&#8221;0&#8243; shift_y_down=&#8221;0&#8243; z_index=&#8221;0&#8243; medium_width=&#8221;0&#8243; mobile_width=&#8221;0&#8243; css_animation=&#8221;left-t-right&#8221; animation_delay=&#8221;100&#8243; width=&#8221;1\/1&#8243; uncode_shortcode_id=&#8221;107307&#8243; css=&#8221;.vc_custom_1643456346197{border-top-width: 1px !important;border-right-width: 1px !important;border-bottom-width: 1px !important;border-left-width: 1px !important;padding-top: 20px !important;padding-right: 20px !important;padding-bottom: 20px !important;padding-left: 20px !important;}&#8221; border_color_type=&#8221;uncode-palette&#8221;][vc_custom_heading heading_semantic=&#8221;p&#8221; text_size=&#8221;h4&#8243; text_weight=&#8221;700&#8243; uncode_shortcode_id=&#8221;743357&#8243;]VPB duomen\u0173 apsaugos politika[\/vc_custom_heading][vc_button button_color=&#8221;accent&#8221; size=&#8221;btn-sm&#8221; border_width=&#8221;0&#8243; icon_position=&#8221;right&#8221; link=&#8221;url:https%3A%2F%2Fvpb.lrv.lt%2Flt%2Fasmens-duomenu-apsauga%2F|target:_blank&#8221; button_color_type=&#8221;uncode-palette&#8221; icon=&#8221;fa fa-arrow-right-thick&#8221; uncode_shortcode_id=&#8221;592679&#8243;]Informacija rasite \u010dia[\/vc_button][\/vc_column_inner][\/vc_row_inner][\/vc_column][\/vc_row]<\/p>","protected":false},"excerpt":{"rendered":"<p>[vc_row unlock_row_content=&#8221;yes&#8221; row_height_percent=&#8221;0&#8243; back_image=&#8221;104068&#8243; overlay_alpha=&#8221;50&#8243; gutter_size=&#8221;3&#8243; column_width_percent=&#8221;100&#8243; shift_y=&#8221;0&#8243; z_index=&#8221;0&#8243; uncode_shortcode_id=&#8221;151403&#8243; row_height_pixel=&#8221;350&#8243; back_size=&#8221;cover&#8221; overlay_color_type=&#8221;uncode-solid&#8221; overlay_color_solid=&#8221;#112911&#8243;][vc_column column_width_percent=&#8221;100&#8243; position_vertical=&#8221;middle&#8221; align_horizontal=&#8221;align_center&#8221; gutter_size=&#8221;3&#8243; style=&#8221;dark&#8221; overlay_alpha=&#8221;50&#8243; [&hellip;]<\/p>\n","protected":false},"author":1,"featured_media":0,"parent":0,"menu_order":0,"comment_status":"closed","ping_status":"open","template":"","meta":{"footnotes":""},"class_list":["post-3","page","type-page","status-publish","hentry"],"_links":{"self":[{"href":"https:\/\/ainisdev.eu\/intelektine\/wp-json\/wp\/v2\/pages\/3","targetHints":{"allow":["GET"]}}],"collection":[{"href":"https:\/\/ainisdev.eu\/intelektine\/wp-json\/wp\/v2\/pages"}],"about":[{"href":"https:\/\/ainisdev.eu\/intelektine\/wp-json\/wp\/v2\/types\/page"}],"author":[{"embeddable":true,"href":"https:\/\/ainisdev.eu\/intelektine\/wp-json\/wp\/v2\/users\/1"}],"replies":[{"embeddable":true,"href":"https:\/\/ainisdev.eu\/intelektine\/wp-json\/wp\/v2\/comments?post=3"}],"version-history":[{"count":3,"href":"https:\/\/ainisdev.eu\/intelektine\/wp-json\/wp\/v2\/pages\/3\/revisions"}],"predecessor-version":[{"id":106873,"href":"https:\/\/ainisdev.eu\/intelektine\/wp-json\/wp\/v2\/pages\/3\/revisions\/106873"}],"wp:attachment":[{"href":"https:\/\/ainisdev.eu\/intelektine\/wp-json\/wp\/v2\/media?parent=3"}],"curies":[{"name":"wp","href":"https:\/\/api.w.org\/{rel}","templated":true}]}}