{"id":103628,"date":"2021-12-28T15:40:45","date_gmt":"2021-12-28T13:40:45","guid":{"rendered":"https:\/\/ainisdev.eu\/intelektine\/?page_id=103628"},"modified":"2023-09-18T14:36:13","modified_gmt":"2023-09-18T11:36:13","slug":"augalu-veisles","status":"publish","type":"page","link":"https:\/\/ainisdev.eu\/intelektine\/kiti-in-objektai\/augalu-veisles\/","title":{"rendered":"Augal\u0173 veisl\u0117s"},"content":{"rendered":"<p>[vc_row unlock_row_content=&#8221;yes&#8221; row_height_percent=&#8221;0&#8243; back_image=&#8221;104068&#8243; overlay_alpha=&#8221;50&#8243; gutter_size=&#8221;3&#8243; column_width_percent=&#8221;100&#8243; shift_y=&#8221;0&#8243; z_index=&#8221;0&#8243; uncode_shortcode_id=&#8221;151403&#8243; row_height_pixel=&#8221;350&#8243; back_size=&#8221;cover&#8221; overlay_color_type=&#8221;uncode-solid&#8221; overlay_color_solid=&#8221;#112911&#8243;][vc_column column_width_percent=&#8221;100&#8243; position_vertical=&#8221;middle&#8221; align_horizontal=&#8221;align_center&#8221; gutter_size=&#8221;3&#8243; style=&#8221;dark&#8221; overlay_alpha=&#8221;50&#8243; shift_x=&#8221;0&#8243; shift_y=&#8221;0&#8243; shift_y_down=&#8221;0&#8243; z_index=&#8221;0&#8243; medium_width=&#8221;0&#8243; mobile_width=&#8221;0&#8243; width=&#8221;1\/1&#8243; uncode_shortcode_id=&#8221;163044&#8243;][vc_custom_heading heading_semantic=&#8221;p&#8221; text_size=&#8221;fontsize-338686&#8243; text_weight=&#8221;700&#8243; text_transform=&#8221;uppercase&#8221; text_height=&#8221;fontheight-179065&#8243; uncode_shortcode_id=&#8221;814416&#8243;]Augal\u0173 veisl\u0117s[\/vc_custom_heading][\/vc_column][\/vc_row][vc_row row_height_percent=&#8221;0&#8243; override_padding=&#8221;yes&#8221; h_padding=&#8221;2&#8243; top_padding=&#8221;3&#8243; bottom_padding=&#8221;3&#8243; overlay_alpha=&#8221;50&#8243; gutter_size=&#8221;3&#8243; column_width_percent=&#8221;100&#8243; shift_y=&#8221;0&#8243; z_index=&#8221;0&#8243; uncode_shortcode_id=&#8221;175665&#8243; row_name=&#8221;kas-yra-augalu-veisles&#8221;][vc_column column_width_percent=&#8221;100&#8243; gutter_size=&#8221;3&#8243; overlay_alpha=&#8221;50&#8243; shift_x=&#8221;0&#8243; shift_y=&#8221;0&#8243; shift_y_down=&#8221;0&#8243; z_index=&#8221;0&#8243; medium_width=&#8221;0&#8243; mobile_width=&#8221;0&#8243; width=&#8221;1\/1&#8243; uncode_shortcode_id=&#8221;639998&#8243;][vc_custom_heading heading_semantic=&#8221;p&#8221; text_size=&#8221;fontsize-160000&#8243; text_weight=&#8221;700&#8243; text_height=&#8221;fontheight-179065&#8243; uncode_shortcode_id=&#8221;255037&#8243;]Augal\u0173 veisli\u0173 tur\u0117toj\u0173 teis\u0117s ir j\u0173 gynimas[\/vc_custom_heading][vc_row_inner][vc_column_inner column_width_percent=&#8221;100&#8243; position_vertical=&#8221;middle&#8221; gutter_size=&#8221;3&#8243; back_color=&#8221;color-xsdn&#8221; overlay_alpha=&#8221;50&#8243; shift_x=&#8221;0&#8243; shift_y=&#8221;0&#8243; shift_y_down=&#8221;0&#8243; z_index=&#8221;0&#8243; medium_width=&#8221;0&#8243; mobile_width=&#8221;0&#8243; css_animation=&#8221;zoom-in&#8221; animation_delay=&#8221;100&#8243; radius=&#8221;sm&#8221; shadow=&#8221;xs&#8221; width=&#8221;1\/1&#8243; uncode_shortcode_id=&#8221;176238&#8243; back_color_type=&#8221;uncode-palette&#8221; css=&#8221;.vc_custom_1643323036077{padding-top: 20px !important;padding-right: 20px !important;padding-bottom: 20px !important;padding-left: 20px !important;}&#8221;][vc_column_text text_lead=&#8221;yes&#8221; uncode_shortcode_id=&#8221;854930&#8243; css=&#8221;.vc_custom_1651222093452{margin-top: 20px !important;}&#8221;]<\/p>\n<p style=\"text-align: justify;\"><strong>Augalo veisl\u0117<\/strong>\u00a0\u2013 augal\u0173 grup\u0117, priklausanti pa\u010diam \u017eemiausiam \u017einomam botaniniam taksonui, kuri, nepaisant to, ar visi\u0161kai atitinka veisl\u0117s apsaugos s\u0105lygas, turi \u0161iam genotipui ar genotip\u0173 kombinacijai b\u016bdingas savybes, i\u0161siskiria i\u0161 bet kurios kitos \u0161i\u0173 augal\u0173 grup\u0117s bent vienu b\u016bdingu po\u017eymiu ir d\u0117l geb\u0117jimo nekintamai daugintis i\u0161laikant visus tos veisl\u0117s augalams b\u016bdingus po\u017eymius laikoma atskiru vienetu.<\/p>\n<p>[\/vc_column_text][\/vc_column_inner][\/vc_row_inner][\/vc_column][\/vc_row][vc_row row_height_percent=&#8221;0&#8243; override_padding=&#8221;yes&#8221; h_padding=&#8221;2&#8243; top_padding=&#8221;3&#8243; bottom_padding=&#8221;3&#8243; back_color=&#8221;color-781555&#8243; overlay_alpha=&#8221;50&#8243; gutter_size=&#8221;3&#8243; column_width_percent=&#8221;100&#8243; shift_y=&#8221;0&#8243; z_index=&#8221;0&#8243; uncode_shortcode_id=&#8221;855651&#8243; back_color_type=&#8221;uncode-palette&#8221; row_name=&#8221;augalu-veisliu-apsauga&#8221;][vc_column column_width_percent=&#8221;100&#8243; gutter_size=&#8221;3&#8243; overlay_alpha=&#8221;50&#8243; shift_x=&#8221;0&#8243; shift_y=&#8221;0&#8243; shift_y_down=&#8221;0&#8243; z_index=&#8221;0&#8243; medium_width=&#8221;0&#8243; mobile_width=&#8221;0&#8243; width=&#8221;1\/1&#8243; uncode_shortcode_id=&#8221;102306&#8243;][vc_custom_heading heading_semantic=&#8221;p&#8221; text_size=&#8221;fontsize-160000&#8243; text_weight=&#8221;700&#8243; text_height=&#8221;fontheight-179065&#8243; uncode_shortcode_id=&#8221;174091&#8243;]Augal\u0173 veisli\u0173 apsauga[\/vc_custom_heading][vc_row_inner row_inner_height_percent=&#8221;0&#8243; overlay_alpha=&#8221;50&#8243; gutter_size=&#8221;3&#8243; shift_y=&#8221;0&#8243; z_index=&#8221;0&#8243; uncode_shortcode_id=&#8221;107027&#8243; css=&#8221;.vc_custom_1640818447107{padding-top: 30px !important;}&#8221; el_class=&#8221;pakelimas-ikonos&#8221;][vc_column_inner column_width_percent=&#8221;100&#8243; align_horizontal=&#8221;align_center&#8221; gutter_size=&#8221;3&#8243; expand_height=&#8221;yes&#8221; back_color=&#8221;color-xsdn&#8221; overlay_alpha=&#8221;50&#8243; shift_x=&#8221;0&#8243; shift_y=&#8221;0&#8243; shift_y_down=&#8221;0&#8243; shift_y_down_fixed=&#8221;yes&#8221; z_index=&#8221;0&#8243; medium_width=&#8221;0&#8243; mobile_width=&#8221;0&#8243; css_animation=&#8221;bottom-t-top&#8221; animation_delay=&#8221;300&#8243; radius=&#8221;sm&#8221; shadow=&#8221;xs&#8221; width=&#8221;1\/2&#8243; uncode_shortcode_id=&#8221;209536&#8243; back_color_type=&#8221;uncode-palette&#8221; css=&#8221;.vc_custom_1642517563628{padding-top: 0px !important;padding-right: 20px !important;padding-bottom: 20px !important;padding-left: 20px !important;}&#8221;][vc_icon icon_image=&#8221;104772&#8243; icon_color=&#8221;accent&#8221; media_size=&#8221;100&#8243; text_size=&#8221;h4&#8243; no_hover=&#8221;&#8221; title=&#8221;Augalo veisl\u0117&#8221; uncode_shortcode_id=&#8221;980521&#8243; icon_color_type=&#8221;uncode-palette&#8221;]<\/p>\n<p style=\"text-align: justify;\">Apsaugoma registruojant. Augalo veisl\u0117s registracijai taikomi mokes\u010diai:<\/p>\n<p style=\"text-align: justify;\">1. Valstyb\u0117s rinkliava.<br \/>\n2. Mokes\u010diai u\u017e augalo veisl\u0117s i\u0161skirtinumo, vienodumo ir stabilumo tyrim\u0173 atlikim\u0105 tyrimus atlikusiai institucijai (jei paslauga u\u017esakyta) arba u\u017e \u0161io tyrimo ataskaitos pirkim\u0105.<\/p>\n<p style=\"text-align: justify;\">Apsauga \u2013 terminuota. Bulvi\u0173, med\u017ei\u0173, uogakr\u016bmi\u0173 ir vynmed\u017ei\u0173 veisli\u0173 teisin\u0117 apsauga galioja 30 met\u0173 nuo \u012fra\u0161ymo \u012f Lietuvos Respublikoje saugom\u0173 augal\u0173 veisli\u0173 s\u0105ra\u0161\u0105 dienos. Vis\u0173 kit\u0173 augal\u0173 \u2013 25 metus.<\/p>\n<p>[\/vc_icon][\/vc_column_inner][vc_column_inner column_width_percent=&#8221;100&#8243; align_horizontal=&#8221;align_center&#8221; gutter_size=&#8221;3&#8243; expand_height=&#8221;yes&#8221; back_color=&#8221;color-xsdn&#8221; overlay_alpha=&#8221;50&#8243; shift_x=&#8221;0&#8243; shift_y=&#8221;0&#8243; shift_y_down=&#8221;0&#8243; z_index=&#8221;0&#8243; medium_width=&#8221;0&#8243; mobile_width=&#8221;0&#8243; css_animation=&#8221;bottom-t-top&#8221; animation_delay=&#8221;200&#8243; radius=&#8221;sm&#8221; shadow=&#8221;xs&#8221; width=&#8221;1\/2&#8243; uncode_shortcode_id=&#8221;168161&#8243; back_color_type=&#8221;uncode-palette&#8221; css=&#8221;.vc_custom_1642517559641{padding-top: 0px !important;padding-right: 20px !important;padding-bottom: 20px !important;padding-left: 20px !important;}&#8221;][vc_icon icon_image=&#8221;104773&#8243; icon_color=&#8221;accent&#8221; media_size=&#8221;100&#8243; text_size=&#8221;h4&#8243; no_hover=&#8221;&#8221; title=&#8221;Augal\u0173 veisl\u0117s registravimo proced\u016bra&#8221; uncode_shortcode_id=&#8221;945057&#8243; icon_color_type=&#8221;uncode-palette&#8221;]<\/p>\n<p style=\"text-align: justify;\">Selekcininkas, siekdamas, kad jo veislei b\u016bt\u0173 suteikta teisin\u0117 apsauga Lietuvos Respublikoje, Valstybinei augalininkyst\u0117s tarnybai prie \u017dem\u0117s \u016bkio ministerijos pateikia parai\u0161k\u0105. Parai\u0161k\u0105 galima pateikti:<\/p>\n<p style=\"text-align: justify;\">1. Tiesiogiai (atvykus \u012f Valstybin\u0119 augalininkyst\u0117s tarnyb\u0105 prie \u017dem\u0117s \u016bkio ministerijos).<br \/>\n2. Siun\u010diant pa\u0161tu adresu Ozo g. 4A, 08200 Vilnius.<br \/>\n3. Elektroniniu pa\u0161tu (<a href=\"mailto:info@vatzum.lt\">info@vatzum.lt<\/a>).<\/p>\n<p style=\"text-align: justify;\">Nuo parai\u0161kos pateikimo dienos selekcininko sukurtai, atrastai ar i\u0161skirtai augalo veislei suteikiama laikinoji teisin\u0117 apsauga. Teisin\u0117 apsauga suteikiama nusta\u010dius, kad augalo veisl\u0117 atitinka naujumo ir i\u0161skirtinumo, vienodumo bei stabilumo reikalavimus, taip pat kai yra pasi\u016blytas reikalavimus atitinkantis jos pavadinimas. Paslauga teikiama ne tik Lietuvos, bet ir u\u017esienio valstybi\u0173 selekcininkams.<\/p>\n<p>[\/vc_icon][\/vc_column_inner][\/vc_row_inner][\/vc_column][\/vc_row][vc_row row_height_percent=&#8221;0&#8243; override_padding=&#8221;yes&#8221; h_padding=&#8221;2&#8243; top_padding=&#8221;3&#8243; bottom_padding=&#8221;3&#8243; overlay_alpha=&#8221;50&#8243; gutter_size=&#8221;3&#8243; column_width_percent=&#8221;100&#8243; shift_y=&#8221;0&#8243; z_index=&#8221;0&#8243; uncode_shortcode_id=&#8221;206398&#8243; row_name=&#8221;augalu-veisliu-turetoju-teises-ir-ju-gynimas&#8221;][vc_column column_width_percent=&#8221;100&#8243; gutter_size=&#8221;3&#8243; overlay_alpha=&#8221;50&#8243; shift_x=&#8221;0&#8243; shift_y=&#8221;0&#8243; shift_y_down=&#8221;0&#8243; z_index=&#8221;0&#8243; medium_width=&#8221;0&#8243; mobile_width=&#8221;0&#8243; width=&#8221;1\/1&#8243; uncode_shortcode_id=&#8221;184696&#8243;][vc_custom_heading heading_semantic=&#8221;p&#8221; text_size=&#8221;fontsize-160000&#8243; text_weight=&#8221;700&#8243; text_height=&#8221;fontheight-179065&#8243; uncode_shortcode_id=&#8221;102765&#8243;]Augal\u0173 veisli\u0173 tur\u0117toj\u0173 teis\u0117s ir j\u0173 gynimas[\/vc_custom_heading][vc_column_text uncode_shortcode_id=&#8221;693541&#8243; css=&#8221;.vc_custom_1651222120040{margin-top: 20px !important;}&#8221;]<\/p>\n<p style=\"text-align: justify;\">Selekcininkas (savininkas) gali tiekti rinkai saugomos augalo veisl\u0117s dauginam\u0105j\u0105 med\u017eiag\u0105 ir u\u017e j\u0105 gauti selekcin\u012f u\u017emokest\u012f. Asmeniui, nesudariusiam licencin\u0117s sutarties d\u0117l veisl\u0117s, kuriai suteikta teisin\u0117 apsauga, dauginamosios med\u017eiagos panaudojimo, draud\u017eiama atlikti bet kokius veiksmus, susijusius su saugomos veisl\u0117s dauginam\u0105ja med\u017eiaga.<\/p>\n<p>[\/vc_column_text][vc_column_text text_lead=&#8221;yes&#8221; uncode_shortcode_id=&#8221;137694&#8243; css=&#8221;.vc_custom_1651222223872{margin-top: 20px !important;margin-bottom: -10px !important;}&#8221;]<strong>Pa\u017eeidus selekcininko teises gali b\u016bti taikoma civilin\u0117 arba administracin\u0117 atsakomyb\u0117:<\/strong>[\/vc_column_text][vc_row_inner][vc_column_inner column_width_percent=&#8221;100&#8243; position_vertical=&#8221;middle&#8221; gutter_size=&#8221;3&#8243; expand_height=&#8221;yes&#8221; overlay_alpha=&#8221;50&#8243; border_color=&#8221;accent&#8221; border_style=&#8221;solid&#8221; shift_x=&#8221;0&#8243; shift_y=&#8221;0&#8243; shift_y_down=&#8221;0&#8243; z_index=&#8221;0&#8243; medium_width=&#8221;0&#8243; mobile_width=&#8221;0&#8243; css_animation=&#8221;left-t-right&#8221; animation_delay=&#8221;200&#8243; radius=&#8221;sm&#8221; shadow=&#8221;xs&#8221; width=&#8221;1\/2&#8243; uncode_shortcode_id=&#8221;166390&#8243; css=&#8221;.vc_custom_1643322988294{border-top-width: 1px !important;border-right-width: 1px !important;border-bottom-width: 1px !important;border-left-width: 1px !important;padding-top: 20px !important;padding-right: 20px !important;padding-bottom: 20px !important;padding-left: 20px !important;}&#8221; border_color_type=&#8221;uncode-palette&#8221;][vc_custom_heading heading_semantic=&#8221;p&#8221; text_size=&#8221;h4&#8243; text_weight=&#8221;700&#8243; uncode_shortcode_id=&#8221;562079&#8243;]Civilin\u0117[\/vc_custom_heading][vc_column_text uncode_shortcode_id=&#8221;359395&#8243; css=&#8221;.vc_custom_1651222128241{margin-top: 20px !important;margin-bottom: -10px !important;}&#8221;]<\/p>\n<p style=\"text-align: justify;\">Taikomos Augal\u0173 veisli\u0173 apsaugos \u012fstatymo de\u0161imtojo skirsnio nuostatos. Teis\u0117s gali b\u016bti ginamos \u012fstatym\u0173 nustatyta tvarka kreipiantis \u012f teism\u0105 ir reikalaujant:<\/p>\n<p>[\/vc_column_text][uncode_list icon=&#8221;fa fa-dot-circle-o&#8221; icon_color=&#8221;accent&#8221; uncode_shortcode_id=&#8221;197683&#8243; icon_color_type=&#8221;uncode-palette&#8221;]<\/p>\n<ul>\n<li>pripa\u017einti teises;<\/li>\n<li>\u012fpareigoti nutraukti neteis\u0117tus veiksmus;<\/li>\n<li>u\u017edrausti atlikti veiksmus, d\u0117l kuri\u0173 gali b\u016bti realiai pa\u017eeistos teis\u0117s arba atsirasti \u017eala;<\/li>\n<li>atlyginti turtin\u0119 \u017eal\u0105, \u012fskaitant negautas pajamas ir kitas patirtas i\u0161laidas;<\/li>\n<li>taikyti kitus \u0161io \u012fstatymo ir kit\u0173 \u012fstatym\u0173 nustatytus teisi\u0173 gynimo b\u016bdus.<\/li>\n<\/ul>\n<p>[\/uncode_list][\/vc_column_inner][vc_column_inner column_width_percent=&#8221;100&#8243; gutter_size=&#8221;3&#8243; expand_height=&#8221;yes&#8221; back_color=&#8221;color-xsdn&#8221; overlay_alpha=&#8221;50&#8243; shift_x=&#8221;0&#8243; shift_y=&#8221;0&#8243; shift_y_down=&#8221;0&#8243; z_index=&#8221;0&#8243; medium_width=&#8221;0&#8243; mobile_width=&#8221;0&#8243; css_animation=&#8221;left-t-right&#8221; animation_delay=&#8221;100&#8243; radius=&#8221;sm&#8221; shadow=&#8221;xs&#8221; width=&#8221;1\/2&#8243; uncode_shortcode_id=&#8221;532841&#8243; back_color_type=&#8221;uncode-palette&#8221; css=&#8221;.vc_custom_1643323000171{padding-top: 20px !important;padding-right: 20px !important;padding-bottom: 20px !important;padding-left: 20px !important;}&#8221;][vc_custom_heading heading_semantic=&#8221;p&#8221; text_size=&#8221;h4&#8243; text_weight=&#8221;700&#8243; uncode_shortcode_id=&#8221;137535&#8243;]Administracin\u0117[\/vc_custom_heading][vc_column_text uncode_shortcode_id=&#8221;148456&#8243; css=&#8221;.vc_custom_1651222138479{margin-top: 20px !important;margin-bottom: -10px !important;}&#8221;]<\/p>\n<p style=\"text-align: justify;\">Administracini\u0173 nusi\u017eengim\u0173 kodeksas nustato, kad \u201eLietuvos Respublikos augal\u0173 apsaugos \u012fstatymu nurodyt\u0173 veiksm\u0173 su augalo veisl\u0117s, kuriai suteikta teisin\u0117 apsauga, dauginam\u0105ja med\u017eiaga atlikimas nesudarius su augalo veisl\u0117s selekcininku licencin\u0117s sutarties arba neturint selekcininko ra\u0161ytinio sutikimo, u\u017etraukia pinigin\u0119 baud\u0105\u201c.<\/p>\n<p>[\/vc_column_text][\/vc_column_inner][\/vc_row_inner][\/vc_column][\/vc_row][vc_row row_height_percent=&#8221;0&#8243; override_padding=&#8221;yes&#8221; h_padding=&#8221;2&#8243; top_padding=&#8221;0&#8243; bottom_padding=&#8221;3&#8243; overlay_alpha=&#8221;50&#8243; gutter_size=&#8221;3&#8243; column_width_percent=&#8221;100&#8243; shift_y=&#8221;0&#8243; z_index=&#8221;0&#8243; uncode_shortcode_id=&#8221;316437&#8243; row_name=&#8221;augalu-veisliu-paieska&#8221;][vc_column column_width_percent=&#8221;100&#8243; gutter_size=&#8221;3&#8243; overlay_alpha=&#8221;50&#8243; shift_x=&#8221;0&#8243; shift_y=&#8221;0&#8243; shift_y_down=&#8221;0&#8243; z_index=&#8221;0&#8243; medium_width=&#8221;0&#8243; mobile_width=&#8221;0&#8243; css_animation=&#8221;bottom-t-top&#8221; animation_delay=&#8221;100&#8243; width=&#8221;1\/1&#8243; uncode_shortcode_id=&#8221;775022&#8243;][vc_custom_heading heading_semantic=&#8221;p&#8221; text_size=&#8221;fontsize-160000&#8243; text_weight=&#8221;700&#8243; text_height=&#8221;fontheight-179065&#8243; uncode_shortcode_id=&#8221;148611&#8243;]Augal\u0173 veisli\u0173 paie\u0161ka[\/vc_custom_heading][vc_button button_color=&#8221;accent&#8221; hover_fx=&#8221;outlined&#8221; outline=&#8221;yes&#8221; border_width=&#8221;0&#8243; icon_position=&#8221;right&#8221; button_color_type=&#8221;uncode-palette&#8221; icon=&#8221;fa fa-arrow-right-thick&#8221; uncode_shortcode_id=&#8221;228517&#8243; link=&#8221;url:http%3A%2F%2Fwww.vatzum.lt%2Flt%2Fpaslaugos%2Finformacijos-rinkmenos%2Faugalu-veisles%2F|target:_blank&#8221;]Augal\u0173 veisli\u0173 duomen\u0173 baz\u0119 galite rasti \u010dia[\/vc_button][\/vc_column][\/vc_row]<\/p>\n","protected":false},"excerpt":{"rendered":"<p>[vc_row unlock_row_content=&#8221;yes&#8221; row_height_percent=&#8221;0&#8243; back_image=&#8221;104068&#8243; overlay_alpha=&#8221;50&#8243; gutter_size=&#8221;3&#8243; column_width_percent=&#8221;100&#8243; shift_y=&#8221;0&#8243; z_index=&#8221;0&#8243; uncode_shortcode_id=&#8221;151403&#8243; row_height_pixel=&#8221;350&#8243; back_size=&#8221;cover&#8221; overlay_color_type=&#8221;uncode-solid&#8221; overlay_color_solid=&#8221;#112911&#8243;][vc_column column_width_percent=&#8221;100&#8243; position_vertical=&#8221;middle&#8221; align_horizontal=&#8221;align_center&#8221; gutter_size=&#8221;3&#8243; style=&#8221;dark&#8221; overlay_alpha=&#8221;50&#8243; [&hellip;]<\/p>\n","protected":false},"author":1,"featured_media":0,"parent":103634,"menu_order":0,"comment_status":"closed","ping_status":"closed","template":"","meta":{"footnotes":""},"class_list":["post-103628","page","type-page","status-publish","hentry","page_category-kiti-in-objektai"],"_links":{"self":[{"href":"https:\/\/ainisdev.eu\/intelektine\/wp-json\/wp\/v2\/pages\/103628","targetHints":{"allow":["GET"]}}],"collection":[{"href":"https:\/\/ainisdev.eu\/intelektine\/wp-json\/wp\/v2\/pages"}],"about":[{"href":"https:\/\/ainisdev.eu\/intelektine\/wp-json\/wp\/v2\/types\/page"}],"author":[{"embeddable":true,"href":"https:\/\/ainisdev.eu\/intelektine\/wp-json\/wp\/v2\/users\/1"}],"replies":[{"embeddable":true,"href":"https:\/\/ainisdev.eu\/intelektine\/wp-json\/wp\/v2\/comments?post=103628"}],"version-history":[{"count":1,"href":"https:\/\/ainisdev.eu\/intelektine\/wp-json\/wp\/v2\/pages\/103628\/revisions"}],"predecessor-version":[{"id":105756,"href":"https:\/\/ainisdev.eu\/intelektine\/wp-json\/wp\/v2\/pages\/103628\/revisions\/105756"}],"up":[{"embeddable":true,"href":"https:\/\/ainisdev.eu\/intelektine\/wp-json\/wp\/v2\/pages\/103634"}],"wp:attachment":[{"href":"https:\/\/ainisdev.eu\/intelektine\/wp-json\/wp\/v2\/media?parent=103628"}],"curies":[{"name":"wp","href":"https:\/\/api.w.org\/{rel}","templated":true}]}}